.
2, 11
Let a be (22/(-3))/((-1)/6). Suppose a = 3*n - 82. Let r = n - 25. List the prime factors of r.
17
Let l(x) = 4*x. Let k be l(1). Suppose k*b - 46 = 2. What are the prime factors of b?
2, 3
Let h(v) = 89*v**3 + v - 1. What are the prime factors of h(1)?
89
Suppose 5*l + n + 14 = 0, l + 6 = 4*n - 1. List the prime factors of 9 + (-4 - -1) + l.
3
What are the prime factors of ((-230)/4 - 1)*-6?
3, 13
Suppose -v - 3*l - 4 = 0, -1 = -4*v + 5*l - 0. Let d be 4/v*3/(-2). Let i = 12 - d. List the prime factors of i.
2, 3
Suppose -3*w + 5 = 2*b - 68, 0 = -3*b - 12. What are the prime factors of w?
3
Suppose -2*f + 4*n + 6 = 0, 8*n = f + 4*n + 3. Suppose 3*s - 63 = f. Suppose l - s = -l. What are the prime factors of l?
2, 3
Let a(u) = -7*u**3 - 6*u - 5*u**2 + 10 - 3 + 8*u**3. Let o be 2/7 - (-40)/7. What are the prime factors of a(o)?
7
Let r(w) = -w**2 + 7*w - 4. What are the prime factors of r(3)?
2
Let g(f) = -5*f - f**3 + 6 - 1 + 0*f**2 - 6*f**2. Let u be g(-5). Suppose p - 4*i - u = -0*p, -5 = -p - 5*i. List the prime factors of p.
5
Let b(c) = 34*c - 8. List the prime factors of b(5).
2, 3
Suppose 3*q - 392 = -q. List the prime factors of q.
2, 7
Let x = -5 + 8. Suppose -y - x = 0, 4*m - 4*y = m + 36. List the prime factors of m.
2
Suppose -3*u = -813 + 15. Suppose q - 49 = -0*r - r, 5*r - 2*q - u = 0. What are the prime factors of r?
2, 13
Let u = 139 - 63. Suppose 5*v = u + 9. What are the prime factors of v?
17
What are the prime factors of -3 + ((-1 - 0)*2 - -181)?
2, 11
What are the prime factors of ((-1)/(-3))/(4/120)?
2, 5
Let o(q) = -8*q + 1. Let r be o(1). Let a = r - -11. Suppose 8*g = a*g + 40. What are the prime factors of g?
2, 5
Let v(p) = 3*p**2 + 8*p - 6. What are the prime factors of v(-6)?
2, 3
Let o be (10/3)/(1/12). Suppose -o = x - 3*x. Suppose x = 7*i - 3*i. List the prime factors of i.
5
Suppose 3*u - 6*k = -k + 99, u + 2*k - 44 = 0. List the prime factors of u.
2, 19
Let i(q) = q**3 + 3*q**2 - 2*q - 3. Let r be i(-3). Suppose 0 = d - r - 2. Suppose 20 = o + 2*v, -3*o + 2*o = -d*v + 1. What are the prime factors of o?
2, 7
Suppose 0 = -3*l + 9, -z + 5*l = 2*z - 783. List the prime factors of z.
2, 7, 19
Let x = -49 + 133. Suppose 0*u = -3*u + x. What are the prime factors of u?
2, 7
Suppose 4*q - 60 = -20. Let c(t) = -t**2 + 10*t + 2. What are the prime factors of c(q)?
2
Suppose -s + 4*s = 171. Suppose -4*c - 4*o + 12 = -8*c, -4*c - s = 5*o. Let a = c + 16. What are the prime factors of a?
2
Suppose 0 + 10 = -5*h. Let i(b) = -b**2 + 8*b - 8. Let a be i(6). Let j = a + h. What are the prime factors of j?
2
Let s(p) = p + 7. Let z be s(-5). List the prime factors of (z/(-6))/(7/(-357)).
17
Let t(n) = -n**2 - n + 1. Let p(d) = 3*d**2 + 3*d - 3. Let w(i) = 2*p(i) + 5*t(i). Let j be w(-4). Let o = 16 - j. What are the prime factors of o?
5
Let s(w) = -37*w**3 + w - 1. Let c be s(1). Let a = -24 - c. What are the prime factors of a?
13
Let i = 3 + -3. Suppose i = 3*q + 3*k + 96, -2*q + 5*k - 146 = 2*q. List the prime factors of (q/8)/((-4)/16).
17
Let x(h) = h**2. Suppose -4*o + 3 = -o. Let t be -1*(2 - 4 - o). List the prime factors of x(t).
3
Suppose 2*s + u = 100, -2*u = -4*s + 207 - 23. List the prime factors of s.
2, 3
What are the prime factors of ((-34)/6)/((-2)/6)?
17
Let o(v) = -10*v + 7. Suppose y = 3*y + 8. List the prime factors of o(y).
47
Suppose 0 = -d - d - 16. Suppose -a - 22 = -3*a. Let t = a + d. What are the prime factors of t?
3
Suppose -146 = -v + 3*v. Let h = v - -130. Suppose 0*l = -2*i + 3*l + 43, 3*i = 3*l + h. What are the prime factors of i?
2, 7
Suppose 2*y = 5*h - 4 + 11, -2*h = 3*y - 20. Let d = y - 3. Suppose -2*b = d*b - 55. List the prime factors of b.
11
Suppose -6*c + 3*c + 24 = 0. Suppose -h - c = h. What are the prime factors of (h/(-10))/((-2)/(-60))?
2, 3
Suppose -2*v - 4*d = -50, v = -2*v - 3*d + 69. List the prime factors of v.
3, 7
Suppose 11*x - 351 = 2*x. List the prime factors of x.
3, 13
Suppose -5 - 20 = -5*l. Suppose l*t + 138 = b, -4*t - 31 = -5*b + 92. Let i = -16 - t. What are the prime factors of i?
11
Let q = -19 - -41. What are the prime factors of q?
2, 11
Suppose 2*u + 3*m = 15 - 2, 4*u + m - 11 = 0. Suppose -z + u*w = -3*w - 8, 4*z + 3*w - 9 = 0. Suppose k = z*k - 22. List the prime factors of k.
11
Let b(g) = g**3 - g**2 - g + 2. Let l be b(2). Suppose 0 = 2*r - 10 + l. What are the prime factors of r?
3
Let k(a) = 2*a**2 + 8*a - 6. Let m be k(-5). Suppose -m*w = -3*w - 43. What are the prime factors of w?
43
Let a(y) = y**2 + 4. Let z be a(0). Suppose b + 6 = g, -z*b + 3 - 7 = 0. Suppose g*u - 4*f - 56 = 0, 11 = -2*u + 4*f + 31. What are the prime factors of u?
2, 3
Let j = -5 + 5. Suppose 3*f - 12 = -j. Suppose 0*w - 4*n - 36 = -f*w, -4*n + 24 = 2*w. What are the prime factors of w?
2, 5
Suppose -2*z + 0*m - m = 19, 4*m = -2*z - 28. Let b be 1 - 1 - z/4. Suppose 0 = 2*k + 2*k + 3*q - 29, b*q = 4*k - 34. List the prime factors of k.
2
Let u(n) = -n**2 + 10*n + 15. Let l be u(11). Let o be 0*(-3)/(l - 1). Suppose -3*g + 24 = -o. List the prime factors of g.
2
Suppose -3*g + 90 = 5*n + 19, -4*g + n + 133 = 0. What are the prime factors of ((-4)/8)/((-1)/g)?
2
Suppose a + 3*a = 740. Suppose -3*h = 74 - a. List the prime factors of h.
37
Let l(o) = 5*o**3 + o**2 - 1. Let f be l(1). Suppose 2*r + 60 = 7*r - 5*c, 4*c - 78 = -f*r. What are the prime factors of r?
2, 7
Let o = -6 - -6. Let l be (1/3)/(5/30). Suppose 4*k + 10 - l = x, x + 2*k - 14 = o. What are the prime factors of x?
2, 3
Let j be (8/6)/((-10)/15). Let d = j + 5. List the prime factors of (2 - d)/(3/(-54)).
2, 3
Suppose 2*v - 5*j + 0*j = 147, 2*j + 10 = 0. What are the prime factors of v?
61
Suppose -4*b - 2*l = -26, 2*l + 3*l - 40 = -5*b. Suppose -3*g = -5 - 4. Suppose b*y = 3*h - 46, -h - g*y - 7 = 1. List the prime factors of h.
7
Suppose z - 16 = -3*z. Suppose -z*y + 10 = y + 4*t, -t = 0. Suppose 0*d - y*d - 5*h = -23, -3*d + 37 = 5*h. What are the prime factors of d?
2, 7
Let m(l) = l**3 + 8*l**2 - 8*l + 1. Let n be m(-9). Let j(r) = 7*r + 2*r**2 + 6*r**2 + r**3 + 2 + r**2. What are the prime factors of j(n)?
2, 5
Let w be 1*2 + 8 + -7. Suppose -5*v = -17 - w. List the prime factors of v.
2
Let m = -125 + 260. List the prime factors of m.
3, 5
Let p be (-11)/((-1)/(-4)*-2). List the prime factors of p*2/2 - -2.
2, 3
Suppose u + 106 = 3*l, 0 = -8*u + 3*u - 5. List the prime factors of l.
5, 7
What are the prime factors of (-31)/(-1) + (-1 - (5 - 9))?
2, 17
What are the prime factors of 4*-1 - (11 + -93)?
2, 3, 13
Let i be 1/(2 - 21/9). Let g = 7 + i. Suppose -2*m - 30 = -3*d + d, g*m = -12. What are the prime factors of d?
2, 3
Suppose -5*l - 92 + 386 = r, -l = -4*r + 1071. What are the prime factors of r?
269
Suppose 4*p - 4*w - 16 = 3*p, -26 = -3*p + w. Suppose 3*u - p*u = 2*y - 61, -y + 32 = u. List the prime factors of y.
3, 11
Let n be ((-48)/9)/2*-6. Let q = n - 3. List the prime factors of q.
13
Suppose 5*i = b + 4*i - 8, -28 = -5*b + 2*i. What are the prime factors of 43/3 - b/(-6)?
3, 5
Suppose 0 = x - a - 119, x + 238 = 3*x + a. What are the prime factors of x?
7, 17
Suppose 3*l - o = 3 - 2, -l = 2*o - 5. Suppose -3*m + l = -29. What are the prime factors of m?
2, 5
Suppose 31 = 2*z + 19. What are the prime factors of z?
2, 3
Let x(b) = 2*b + b - 12 + 2. List the prime factors of x(8).
2, 7
Let l(o) = -o**2 + 7*o - 3. Suppose 7 = 4*g - 17. Let c be l(g). Suppose -d = 2*n - 19, -2 = -n - 2*d + c. List the prime factors of n.
11
Let i(x) = -7*x + 8. List the prime factors of i(-5).
43
What are the prime factors of -35*(-2 + 9/5)?
7
Let s be 0 + (-2 - -2) + 2. Suppose s*w + 0 = 8. Suppose 0 = 2*x + 3*q - 15 - w, 4*x + 5*q = 41. What are the prime factors of x?
2, 7
Let s(b) = -86*b. What are the prime factors of s(-4)?
2, 43
Let o(l) = -2*l**3 - 8*l**2 - 3*l - 2. What are the prime factors of o(-5)?
3, 7
Let z(y) = -y**3 + 13*y**2 - y - 22. What are the prime factors of z(5)?
173
Let g(f) be the third derivative of -f**5/60 - f**4/6 - f**3/3 + f**2. Let r be g(-2). List the prime factors of (-2*r)/(1/(-2)).
2
Let m(n) = -n + 2. Suppose -13 = 5*a + 2. Let v be m(a). Suppose -3*f + v = -2*f. List the prime factors of f.
5
Let i = -10 - -14. Let b(f) = f**2 - 5*f. Let z be b(i). Let x(c) =